 = -7*j(u) - 4*v(u). Let b be d(5). Calculate the greatest common factor of 276 and b.
12
Let f(z) = 200*z**2 - 140*z - 12. Let t be f(-6). What is the highest common divisor of 36 and t?
36
Suppose -7*z + z + 18 = 0. Suppose h + 12*j - 8 = 16*j, 5*h = -z*j + 86. Let c be (0 + 2)/(1/1). Calculate the greatest common factor of h and c.
2
Suppose 372 + 1455 = 215*w - 108. What is the greatest common divisor of 252 and w?
9
Let u = 182 + -146. Let k(p) = 5*p - 15 + 3 + 57*p**2 - 56*p**2. Let n be k(3). What is the greatest common divisor of u and n?
12
Let r(m) = 8*m - 213. Let c be r(27). Suppose 5*t - 822 = c*p, 5*p + 1038 = 5*t + 208. Calculate the highest common divisor of 36 and t.
18
Suppose 5*a - 5*s = 9740, 5*s = -5*a + s + 9668. What is the highest common divisor of a and 250?
10
Let s(o) be the second derivative of -1/2*o**2 + 0 - 39*o + 1/20*o**5 - 1/3*o**3 + 0*o**4. Let x be s(2). What is the greatest common divisor of x and 21?
3
Let z = -319 - -376. Let c = z - 29. What is the highest common factor of c and 70?
14
Suppose -7*v = -4*v + 72. Let a be 3/6 - v/(-16). Let o be (-55)/(-3*a/(-6)). Calculate the highest common divisor of 10 and o.
10
Suppose 28*a - 5580 + 932 = 0. Let u = -90 + a. Suppose -2*w + 91 = -3*n, 2*w + 4*n - 94 = -w. Calculate the highest common divisor of w and u.
38
Let n be 2 + 17/(-5) + 9/(-15). Let z be 1/(-2) + n/(-4). Suppose z*d + 20 = 4*d. What is the highest common divisor of d and 2?
1
Let b(a) = a + 194. Let g be b(37). Let w = 264 - g. What is the greatest common divisor of 55 and w?
11
Let b be (1/2 - 1/(-2))*(105 - 7). What is the greatest common factor of b and 14?
14
Suppose -7*i + 0*i = q - 4907, -q + 4919 = -5*i. What is the highest common divisor of 104 and q?
26
Suppose 290*h - 308*h = -42336. Calculate the greatest common factor of h and 144.
48
Let c(q) = 2*q**2 - 17*q - 220. Let x be c(-15). What is the greatest common divisor of x and 97?
97
Let c(o) = 2*o**3 - 28*o**2 + 18*o + 6. Let l be c(14). Calculate the greatest common divisor of l and 42.
6
Suppose -4*j = -3*j - 11. Let i(u) = 11*u + 47. Let y be i(-3). Suppose 3*c = y*c - 1331. Calculate the highest common divisor of j and c.
11
Let t be (136/170)/(2/10). Suppose -t*l = -71 - 1. What is the greatest common divisor of 1314 and l?
18
Suppose -17395 = -3606*n + 3571*n. Calculate the greatest common factor of 355 and n.
71
Suppose y - 19 = -2*x, 5*y - 4*y - 26 = -3*x. Suppose -k + x*t = 3*t + 3, 5*k - 81 = -4*t. Calculate the greatest common divisor of k and 65.
13
Let f = 3189 + -3022. What is the highest common factor of f and 8350?
167
Let q = 12550 + -10449. Calculate the greatest common divisor of 55 and q.
11
Let c be (30/(-12))/(1 - 6/4). Suppose 5*d - 9 = 2*t, -c*d + 6 = -4*d + t. Calculate the highest common factor of 7 and d.
1
Let s = 401 + -277. Let k = s + -47. Calculate the highest common divisor of k and 7.
7
Suppose -4496 = -2*y - w, -5*y + 69*w - 72*w + 11238 = 0. What is the highest common factor of y and 72?
18
Let v be (-26)/(-143) + 390/33 + -2. What is the greatest common divisor of 8 and v?
2
Suppose -y + 4*t = -112, 0 = 4*y + 4*t - 265 - 103. Let n = -212 + 432. Let c be (n/550)/((-1)/(-60)*2). Calculate the highest common divisor of c and y.
12
Suppose 5*w + 0*w + 20 = 0. Let h = -2 - w. Let q = 1437 + -1435. Calculate the greatest common divisor of q and h.
2
Let z(b) = -9*b + 591*b**2 - 5 - 1 - 592*b**2. Let u be z(-2). Let m be (18/(-15))/(6/(-20)). Calculate the highest common factor of u and m.
4
Let j = -27 + 109. Suppose -410 = 339*u - 340*u. What is the greatest common divisor of j and u?
82
Suppose 0 = -v - v - 100. Let y = -24 - v. Suppose l - y = -4*o, 2*l - 88 = -l - 2*o. Calculate the highest common factor of 6 and l.
6
Let n be 1572/((-12)/(-216)*27). What is the greatest common divisor of 8 and n?
8
Let w be 952/21*(-18)/(-12). Suppose -720 = -83*u + w*u. Suppose 88 = 5*m - 92. Calculate the highest common factor of u and m.
12
Let z = -689 - -1193. Suppose 0 = -4*k + 11*g - 7*g + z, -k - 2*g + 123 = 0. Calculate the highest common divisor of 100 and k.
25
Let w(x) = x**3 + 8*x**2 + 4*x. Let o be w(-5). Let h = o + -51. Suppose -4*l = z - 11, -3*l + 5*z - h = 5. Calculate the greatest common factor of 2 and l.
2
Let g(l) = l**3 + 60*l**2 + 59*l + 29. Let c be g(-57). Calculate the highest common factor of c and 53.
53
Let i(j) = 13*j + 41 - 14 - 15 - 21. Let d(v) = 14*v - 9. Let m(r) = -3*d(r) + 4*i(r). Let a be m(4). What is the highest common divisor of a and 341?
31
Let k be -5 - (0 + (-2)/(6/(-129))). Let n = -31 - k. Calculate the highest common factor of n and 85.
17
Suppose 6 = -4*l + 2*l. Let g be (-13 - -8)*(2 + l). Suppose i - 10 = g. What is the highest common factor of 5 and i?
5
Suppose -13*t - 3651 = -3781. Suppose -2*d + 4*d + 40 = 0. Let s be (27/(-15))/(6/d). Calculate the highest common factor of t and s.
2
Let j be 1468 + 28 - 5/((-5)/12). Calculate the greatest common factor of 676 and j.
52
Let q = -2890 + 2938. What is the greatest common factor of q and 2280?
24
Let f(g) = -g**3 + 3*g**2 + 4*g + 42. Let r be f(4). What is the greatest common factor of 1734 and r?
6
Suppose 0 = 3*h - 102 - 1527. Suppose 8*p - 33 = h. Suppose -3*l + 48 = 4*c, -16*l = 5*c - 19*l - 33. Calculate the highest common divisor of p and c.
9
Let c(z) = -125*z**2 - 550*z - 132. Let q be c(-4). Let r = -105 + 207. Calculate the greatest common divisor of r and q.
34
Suppose -4*w - 5108 = -27252. Let d be 6/33 - w/(-44). What is the highest common divisor of d and 24?
6
Let v be (-15)/((-12)/128 + 0). Let z(q) = 4*q + 116. Let i be z(-5). Calculate the greatest common factor of v and i.
32
Let a be (4/(-12))/(((-12)/(-9))/4). Let c(l) = -19*l - 15. Let q be c(a). Calculate the highest common divisor of q and 4.
4
Suppose 0 = 17*g - 5 + 22. Let v(q) = -62*q**3 + 10*q**2 + 10*q. Let j be v(g). Calculate the greatest common factor of 558 and j.
62
Let b be 578 + (-9 - -2) + 3. Let k = 784 - b. Calculate the highest common factor of k and 30.
30
Let n = -6059 - -6199. What is the highest common divisor of 800 and n?
20
Let m(o) = o**2 + 57*o + 892. Let f be m(-29). Calculate the greatest common divisor of 1168 and f.
16
Let q(y) be the first derivative of -11*y**2/2 - 8*y - 3. Let g be q(-13). Let r be (g/(-6))/(1/(-2)). Calculate the highest common divisor of 15 and r.
15
Let g = 65 - 43. Let n = 267 + -124. What is the highest common factor of g and n?
11
Let r = -5119 + 5945. Calculate the greatest common factor of r and 182.
14
Let p(u) = 5*u**3 + 138*u**2 + 935*u - 5. Let c be p(-13). Suppose 5*n + 10 = 0, -13 = -5*g - 0*g - n. What is the highest common factor of g and c?
3
Suppose 3*r - 76288 = -26*d + 31*d, -76243 = -3*r - 4*d. Calculate the highest common divisor of 11 and r.
11
Let x(d) = 82*d**2. Let q be x(-1). Let h(o) = 60*o + 64. Let m be h(26). Suppose 12*f = 836 + m. What is the highest common divisor of f and q?
41
Suppose -6*m + 3*m = -84. Let g = 30 - m. Let h(w) = 13*w + 8. Let t be h(g). Calculate the greatest common factor of 34 and t.
34
Let j(s) = s**2 - 53*s - 8616. Let t be j(-71). What is the greatest common factor of 1645 and t?
47
Let b be -1 - 1 - (2 + -23). Suppose 88 = k + 3*k + 4*k. Suppose -64 = -b*u + k*u. What is the greatest common divisor of u and 40?
8
Suppose 284*u - 279*u = 345. Suppose -l - l + 464 = -c, -l = 5*c - 210. What is the highest common factor of u and l?
23
Let p be -3 + 0 - (-20 - -7). Let t(a) = a**2 + 3*a - 26. Let m be t(-12). Let w = 142 - m. Calculate the greatest common divisor of p and w.
10
Let q = 180 - 122. Calculate the greatest common factor of 32 and q.
2
Let y be -6 + 33/6 + 14/(-4). Let g be ((4/(-5))/(-2))/(y/(-20)). Calculate the highest common divisor of g and 32.
2
Let g(w) = -w**2 - 4*w + 3. Suppose -p - p = 10. Let t be g(p). Let c be ((-1)/t)/(8/208). Calculate the greatest common divisor of c and 91.
13
Let i(o) = -o**2 - 32*o - 64. Let f be i(-22). What is the highest common divisor of 741 and f?
39
Suppose -5*h - 7*a + 48 = -10*a, 2*a + 2 = 0. Suppose h = -2*g + 17. Calculate the greatest common factor of 56 and g.
4
Let n be 3*(10 + -29)*2/(-2). Let b(u) = u**3 + 7*u**2 - 8*u - 15. Let o be b(-6). Let m = n + o. What is t